{"id":5775,"date":"2025-01-10T16:34:10","date_gmt":"2025-01-10T16:34:10","guid":{"rendered":"https:\/\/asset-mng.com\/?page_id=5775"},"modified":"2025-02-06T13:26:42","modified_gmt":"2025-02-06T13:26:42","slug":"o-nama-2","status":"publish","type":"page","link":"https:\/\/asset-mng.com\/investiciono-zlato\/o-nama-2\/","title":{"rendered":"O nama"},"content":{"rendered":"\t\t<div data-elementor-type=\"wp-page\" data-elementor-id=\"5775\" class=\"elementor elementor-5775\" data-elementor-post-type=\"page\">\n\t\t\t\t\t\t<section class=\"elementor-section elementor-top-section elementor-element elementor-element-b731699 elementor-hidden-mobile elementor-section-boxed elementor-section-height-default elementor-section-height-default magic-button-disabled-no\" data-id=\"b731699\" data-element_type=\"section\">\n\t\t\t\t\t\t<div class=\"elementor-container elementor-column-gap-default\">\n\t\t\t\t\t<div class=\"elementor-column elementor-col-50 elementor-top-column elementor-element elementor-element-7929c80 elementor-hidden-tablet elementor-hidden-mobile\" data-id=\"7929c80\" data-element_type=\"column\" data-settings=\"{&quot;background_background&quot;:&quot;classic&quot;}\">\n\t\t\t<div class=\"elementor-widget-wrap elementor-element-populated\">\n\t\t\t\t\t\t<div class=\"elementor-element elementor-element-bc8f2d9 elementor-widget__width-auto elementor-absolute elementor-invisible elementor-widget elementor-widget-image\" data-id=\"bc8f2d9\" data-element_type=\"widget\" data-settings=\"{&quot;_position&quot;:&quot;absolute&quot;,&quot;_animation&quot;:&quot;ova-move-right&quot;}\" data-widget_type=\"image.default\">\n\t\t\t\t<div class=\"elementor-widget-container\">\n\t\t\t\t\t\t\t\t\t\t\t\t\t\t\t<img fetchpriority=\"high\" decoding=\"async\" width=\"800\" height=\"800\" src=\"https:\/\/asset-mng.com\/investiciono-zlato\/wp-content\/uploads\/2025\/01\/Cilj-1024x1024.jpg\" class=\"attachment-large size-large wp-image-6077\" alt=\"Cilj\" srcset=\"https:\/\/asset-mng.com\/investiciono-zlato\/wp-content\/uploads\/2025\/01\/Cilj-1024x1024.jpg 1024w, https:\/\/asset-mng.com\/investiciono-zlato\/wp-content\/uploads\/2025\/01\/Cilj-300x300.jpg 300w, https:\/\/asset-mng.com\/investiciono-zlato\/wp-content\/uploads\/2025\/01\/Cilj-150x150.jpg 150w, https:\/\/asset-mng.com\/investiciono-zlato\/wp-content\/uploads\/2025\/01\/Cilj-768x768.jpg 768w, https:\/\/asset-mng.com\/investiciono-zlato\/wp-content\/uploads\/2025\/01\/Cilj-400x400.jpg 400w, https:\/\/asset-mng.com\/investiciono-zlato\/wp-content\/uploads\/2025\/01\/Cilj-600x600.jpg 600w, https:\/\/asset-mng.com\/investiciono-zlato\/wp-content\/uploads\/2025\/01\/Cilj.jpg 1080w\" sizes=\"(max-width: 800px) 100vw, 800px\" \/>\t\t\t\t\t\t\t\t\t\t\t\t\t\t\t<\/div>\n\t\t\t\t<\/div>\n\t\t\t\t\t<\/div>\n\t\t<\/div>\n\t\t\t\t<div class=\"elementor-column elementor-col-50 elementor-top-column elementor-element elementor-element-1ed3456 elementor-invisible\" data-id=\"1ed3456\" data-element_type=\"column\" data-settings=\"{&quot;animation&quot;:&quot;ova-move-left&quot;}\">\n\t\t\t<div class=\"elementor-widget-wrap elementor-element-populated\">\n\t\t\t\t\t\t<div class=\"elementor-element elementor-element-484a5c0 elementor-widget elementor-widget-podover_elementor_heading\" data-id=\"484a5c0\" data-element_type=\"widget\" data-widget_type=\"podover_elementor_heading.default\">\n\t\t\t\t<div class=\"elementor-widget-container\">\n\t\t\t\t\t\n\t\t\t<div class=\"ova-title\">\n\n\t\t\t\t\n\t\t\t\t\t\t\t\t\t\t\t\t\t\t\t\t<h2 class=\"title\">Na\u0161 Cilj<\/h2>\n\t\t\t\t\t\t\t\t\t\n\t\t\t\t\n\t\t\t<\/div> \n\t\t\t\n\t\t\t\t\t\t<\/div>\n\t\t\t\t<\/div>\n\t\t\t\t<div class=\"elementor-element elementor-element-a12dabe elementor-widget elementor-widget-text-editor\" data-id=\"a12dabe\" data-element_type=\"widget\" data-widget_type=\"text-editor.default\">\n\t\t\t\t<div class=\"elementor-widget-container\">\n\t\t\t\t\t\t\t\t\t<p>Ohrabrivanje i informisanje svakog gra\u0111anina koji \u017eeli da slobodno i kvalitetno upravlja svojim finansijama i \u017eivotom. Posve\u0107eni smo ja\u010danju porodi\u010dnih vrednosti i li\u010dnom razvoju, jer smatramo da su oni klju\u010dni za postizanje sre\u0107e i uspeha.<\/p>\t\t\t\t\t\t\t\t<\/div>\n\t\t\t\t<\/div>\n\t\t\t\t\t<\/div>\n\t\t<\/div>\n\t\t\t\t\t<\/div>\n\t\t<\/section>\n\t\t\t\t<section class=\"elementor-section elementor-top-section elementor-element elementor-element-0c46b38 elementor-hidden-mobile elementor-section-boxed elementor-section-height-default elementor-section-height-default magic-button-disabled-no\" data-id=\"0c46b38\" data-element_type=\"section\">\n\t\t\t\t\t\t<div class=\"elementor-container elementor-column-gap-default\">\n\t\t\t\t\t<div class=\"elementor-column elementor-col-50 elementor-top-column elementor-element elementor-element-2362f1b elementor-hidden-tablet elementor-hidden-mobile\" data-id=\"2362f1b\" data-element_type=\"column\" data-settings=\"{&quot;background_background&quot;:&quot;classic&quot;}\">\n\t\t\t<div class=\"elementor-widget-wrap elementor-element-populated\">\n\t\t\t\t\t\t<div class=\"elementor-element elementor-element-081c764 elementor-widget__width-auto elementor-absolute elementor-invisible elementor-widget elementor-widget-image\" data-id=\"081c764\" data-element_type=\"widget\" data-settings=\"{&quot;_position&quot;:&quot;absolute&quot;,&quot;_animation&quot;:&quot;ova-move-right&quot;}\" data-widget_type=\"image.default\">\n\t\t\t\t<div class=\"elementor-widget-container\">\n\t\t\t\t\t\t\t\t\t\t\t\t\t\t\t<img decoding=\"async\" width=\"800\" height=\"800\" src=\"https:\/\/asset-mng.com\/investiciono-zlato\/wp-content\/uploads\/2025\/01\/Vizija-1024x1024.jpg\" class=\"attachment-large size-large wp-image-6079\" alt=\"Vizija\" srcset=\"https:\/\/asset-mng.com\/investiciono-zlato\/wp-content\/uploads\/2025\/01\/Vizija-1024x1024.jpg 1024w, https:\/\/asset-mng.com\/investiciono-zlato\/wp-content\/uploads\/2025\/01\/Vizija-300x300.jpg 300w, https:\/\/asset-mng.com\/investiciono-zlato\/wp-content\/uploads\/2025\/01\/Vizija-150x150.jpg 150w, https:\/\/asset-mng.com\/investiciono-zlato\/wp-content\/uploads\/2025\/01\/Vizija-768x768.jpg 768w, https:\/\/asset-mng.com\/investiciono-zlato\/wp-content\/uploads\/2025\/01\/Vizija-400x400.jpg 400w, https:\/\/asset-mng.com\/investiciono-zlato\/wp-content\/uploads\/2025\/01\/Vizija-600x600.jpg 600w, https:\/\/asset-mng.com\/investiciono-zlato\/wp-content\/uploads\/2025\/01\/Vizija.jpg 1080w\" sizes=\"(max-width: 800px) 100vw, 800px\" \/>\t\t\t\t\t\t\t\t\t\t\t\t\t\t\t<\/div>\n\t\t\t\t<\/div>\n\t\t\t\t\t<\/div>\n\t\t<\/div>\n\t\t\t\t<div class=\"elementor-column elementor-col-50 elementor-top-column elementor-element elementor-element-0371a45 elementor-invisible\" data-id=\"0371a45\" data-element_type=\"column\" data-settings=\"{&quot;animation&quot;:&quot;ova-move-left&quot;}\">\n\t\t\t<div class=\"elementor-widget-wrap elementor-element-populated\">\n\t\t\t\t\t\t<div class=\"elementor-element elementor-element-6c4f5cc elementor-widget elementor-widget-podover_elementor_heading\" data-id=\"6c4f5cc\" data-element_type=\"widget\" data-widget_type=\"podover_elementor_heading.default\">\n\t\t\t\t<div class=\"elementor-widget-container\">\n\t\t\t\t\t\n\t\t\t<div class=\"ova-title\">\n\n\t\t\t\t\n\t\t\t\t\t\t\t\t\t\t\t\t\t\t\t\t<h2 class=\"title\">Na\u0161a Vizija<\/h2>\n\t\t\t\t\t\t\t\t\t\n\t\t\t\t\n\t\t\t<\/div> \n\t\t\t\n\t\t\t\t\t\t<\/div>\n\t\t\t\t<\/div>\n\t\t\t\t<div class=\"elementor-element elementor-element-980c07e elementor-widget elementor-widget-text-editor\" data-id=\"980c07e\" data-element_type=\"widget\" data-widget_type=\"text-editor.default\">\n\t\t\t\t<div class=\"elementor-widget-container\">\n\t\t\t\t\t\t\t\t\t<p>Te\u017eimo da stvorimo zajednicu koja se oslanja na me\u0111usobnu podr\u0161ku, znanje i iskustvo, gde svako mo\u017ee prona\u0107i inspiraciju za li\u010dne finansije, li\u010dni razvoj i ja\u010danje porodice. Verujemo da uspeh nije samo u finansijskim rezultatima, ve\u0107 i u kvalitetu \u017eivota koji gradimo zajedno sa na\u0161im porodicama.<\/p>\t\t\t\t\t\t\t\t<\/div>\n\t\t\t\t<\/div>\n\t\t\t\t\t<\/div>\n\t\t<\/div>\n\t\t\t\t\t<\/div>\n\t\t<\/section>\n\t\t\t\t<section class=\"elementor-section elementor-top-section elementor-element elementor-element-39aa790 elementor-hidden-mobile elementor-section-boxed elementor-section-height-default elementor-section-height-default magic-button-disabled-no\" data-id=\"39aa790\" data-element_type=\"section\">\n\t\t\t\t\t\t<div class=\"elementor-container elementor-column-gap-default\">\n\t\t\t\t\t<div class=\"elementor-column elementor-col-50 elementor-top-column elementor-element elementor-element-ead6660 elementor-hidden-tablet elementor-hidden-mobile\" data-id=\"ead6660\" data-element_type=\"column\" data-settings=\"{&quot;background_background&quot;:&quot;classic&quot;}\">\n\t\t\t<div class=\"elementor-widget-wrap elementor-element-populated\">\n\t\t\t\t\t\t<div class=\"elementor-element elementor-element-c55dc82 elementor-widget__width-auto elementor-absolute elementor-invisible elementor-widget elementor-widget-image\" data-id=\"c55dc82\" data-element_type=\"widget\" data-settings=\"{&quot;_position&quot;:&quot;absolute&quot;,&quot;_animation&quot;:&quot;ova-move-right&quot;}\" data-widget_type=\"image.default\">\n\t\t\t\t<div class=\"elementor-widget-container\">\n\t\t\t\t\t\t\t\t\t\t\t\t\t\t\t<img decoding=\"async\" width=\"800\" height=\"800\" src=\"https:\/\/asset-mng.com\/investiciono-zlato\/wp-content\/uploads\/2025\/01\/Misija-1024x1024.jpg\" class=\"attachment-large size-large wp-image-6078\" alt=\"Misija\" srcset=\"https:\/\/asset-mng.com\/investiciono-zlato\/wp-content\/uploads\/2025\/01\/Misija-1024x1024.jpg 1024w, https:\/\/asset-mng.com\/investiciono-zlato\/wp-content\/uploads\/2025\/01\/Misija-300x300.jpg 300w, https:\/\/asset-mng.com\/investiciono-zlato\/wp-content\/uploads\/2025\/01\/Misija-150x150.jpg 150w, https:\/\/asset-mng.com\/investiciono-zlato\/wp-content\/uploads\/2025\/01\/Misija-768x768.jpg 768w, https:\/\/asset-mng.com\/investiciono-zlato\/wp-content\/uploads\/2025\/01\/Misija-400x400.jpg 400w, https:\/\/asset-mng.com\/investiciono-zlato\/wp-content\/uploads\/2025\/01\/Misija-600x600.jpg 600w, https:\/\/asset-mng.com\/investiciono-zlato\/wp-content\/uploads\/2025\/01\/Misija.jpg 1080w\" sizes=\"(max-width: 800px) 100vw, 800px\" \/>\t\t\t\t\t\t\t\t\t\t\t\t\t\t\t<\/div>\n\t\t\t\t<\/div>\n\t\t\t\t\t<\/div>\n\t\t<\/div>\n\t\t\t\t<div class=\"elementor-column elementor-col-50 elementor-top-column elementor-element elementor-element-82bffd5 elementor-invisible\" data-id=\"82bffd5\" data-element_type=\"column\" data-settings=\"{&quot;animation&quot;:&quot;ova-move-left&quot;}\">\n\t\t\t<div class=\"elementor-widget-wrap elementor-element-populated\">\n\t\t\t\t\t\t<div class=\"elementor-element elementor-element-259c3ac elementor-widget elementor-widget-podover_elementor_heading\" data-id=\"259c3ac\" data-element_type=\"widget\" data-widget_type=\"podover_elementor_heading.default\">\n\t\t\t\t<div class=\"elementor-widget-container\">\n\t\t\t\t\t\n\t\t\t<div class=\"ova-title\">\n\n\t\t\t\t\n\t\t\t\t\t\t\t\t\t\t\t\t\t\t\t\t<h2 class=\"title\">Na\u0161a Misija<\/h2>\n\t\t\t\t\t\t\t\t\t\n\t\t\t\t\n\t\t\t<\/div> \n\t\t\t\n\t\t\t\t\t\t<\/div>\n\t\t\t\t<\/div>\n\t\t\t\t<div class=\"elementor-element elementor-element-2af1b4c elementor-widget elementor-widget-text-editor\" data-id=\"2af1b4c\" data-element_type=\"widget\" data-widget_type=\"text-editor.default\">\n\t\t\t\t<div class=\"elementor-widget-container\">\n\t\t\t\t\t\t\t\t\t<p>Na\u0161a misija je da vam pru\u017eimo:<\/p><ul><li>Stru\u010dne savete o investicijama, kako bismo vam pomogli da donosite najbolje odluke za va\u0161u budu\u0107nost.<\/li><li>Obrazovne sadr\u017eaje kroz na\u0161e podkaste, koji pokrivaju teme investicija, li\u010dnog razvoja, zdravlja i porodi\u010dnih vrednosti. Ovi podkasti su tu da vas inspiri\u0161u, motivi\u0161u i pru\u017ee Vam korisne informacije.<\/li><\/ul>\t\t\t\t\t\t\t\t<\/div>\n\t\t\t\t<\/div>\n\t\t\t\t\t<\/div>\n\t\t<\/div>\n\t\t\t\t\t<\/div>\n\t\t<\/section>\n\t\t\t\t<section class=\"elementor-section elementor-top-section elementor-element elementor-element-02be3df elementor-hidden-desktop elementor-hidden-tablet elementor-section-boxed elementor-section-height-default elementor-section-height-default magic-button-disabled-no\" data-id=\"02be3df\" data-element_type=\"section\">\n\t\t\t\t\t\t<div class=\"elementor-container elementor-column-gap-default\">\n\t\t\t\t\t<div class=\"elementor-column elementor-col-100 elementor-top-column elementor-element elementor-element-c05df9c elementor-invisible\" data-id=\"c05df9c\" data-element_type=\"column\" data-settings=\"{&quot;animation&quot;:&quot;ova-move-left&quot;,&quot;background_background&quot;:&quot;classic&quot;}\">\n\t\t\t<div class=\"elementor-widget-wrap elementor-element-populated\">\n\t\t\t\t\t<div class=\"elementor-background-overlay\"><\/div>\n\t\t\t\t\t\t<div class=\"elementor-element elementor-element-480b595 elementor-widget-mobile__width-auto elementor-widget elementor-widget-podover_elementor_heading\" data-id=\"480b595\" data-element_type=\"widget\" data-widget_type=\"podover_elementor_heading.default\">\n\t\t\t\t<div class=\"elementor-widget-container\">\n\t\t\t\t\t\n\t\t\t<div class=\"ova-title\">\n\n\t\t\t\t\n\t\t\t\t\t\t\t\t\t\t\t\t\t\t\t\t<h2 class=\"title\">Na\u0161 Cilj<\/h2>\n\t\t\t\t\t\t\t\t\t\n\t\t\t\t\n\t\t\t<\/div> \n\t\t\t\n\t\t\t\t\t\t<\/div>\n\t\t\t\t<\/div>\n\t\t\t\t<div class=\"elementor-element elementor-element-3d3f216 elementor-widget elementor-widget-text-editor\" data-id=\"3d3f216\" data-element_type=\"widget\" data-widget_type=\"text-editor.default\">\n\t\t\t\t<div class=\"elementor-widget-container\">\n\t\t\t\t\t\t\t\t\t<p>Ohrabrivanje i informisanje svakog gra\u0111anina koji \u017eeli da slobodno i kvalitetno upravlja svojim finansijama i \u017eivotom. Posve\u0107eni smo ja\u010danju porodi\u010dnih vrednosti i li\u010dnom razvoju, jer smatramo da su oni klju\u010dni za postizanje sre\u0107e i uspeha.<\/p>\t\t\t\t\t\t\t\t<\/div>\n\t\t\t\t<\/div>\n\t\t\t\t\t<\/div>\n\t\t<\/div>\n\t\t\t\t\t<\/div>\n\t\t<\/section>\n\t\t\t\t<section class=\"elementor-section elementor-top-section elementor-element elementor-element-c83f9f7 elementor-hidden-desktop elementor-hidden-tablet elementor-section-boxed elementor-section-height-default elementor-section-height-default magic-button-disabled-no\" data-id=\"c83f9f7\" data-element_type=\"section\">\n\t\t\t\t\t\t<div class=\"elementor-container elementor-column-gap-default\">\n\t\t\t\t\t<div class=\"elementor-column elementor-col-100 elementor-top-column elementor-element elementor-element-fb13f7e elementor-invisible\" data-id=\"fb13f7e\" data-element_type=\"column\" data-settings=\"{&quot;animation&quot;:&quot;ova-move-left&quot;,&quot;background_background&quot;:&quot;classic&quot;}\">\n\t\t\t<div class=\"elementor-widget-wrap elementor-element-populated\">\n\t\t\t\t\t<div class=\"elementor-background-overlay\"><\/div>\n\t\t\t\t\t\t<div class=\"elementor-element elementor-element-cfe8b3f elementor-widget elementor-widget-podover_elementor_heading\" data-id=\"cfe8b3f\" data-element_type=\"widget\" data-widget_type=\"podover_elementor_heading.default\">\n\t\t\t\t<div class=\"elementor-widget-container\">\n\t\t\t\t\t\n\t\t\t<div class=\"ova-title\">\n\n\t\t\t\t\n\t\t\t\t\t\t\t\t\t\t\t\t\t\t\t\t<h2 class=\"title\">Na\u0161a Vizija<\/h2>\n\t\t\t\t\t\t\t\t\t\n\t\t\t\t\n\t\t\t<\/div> \n\t\t\t\n\t\t\t\t\t\t<\/div>\n\t\t\t\t<\/div>\n\t\t\t\t<div class=\"elementor-element elementor-element-c055dde elementor-widget elementor-widget-text-editor\" data-id=\"c055dde\" data-element_type=\"widget\" data-widget_type=\"text-editor.default\">\n\t\t\t\t<div class=\"elementor-widget-container\">\n\t\t\t\t\t\t\t\t\t<p>Te\u017eimo da stvorimo zajednicu koja se oslanja na me\u0111usobnu podr\u0161ku, znanje i iskustvo, gde svako mo\u017ee prona\u0107i inspiraciju za li\u010dne finansije, li\u010dni razvoj i ja\u010danje porodice. Verujemo da uspeh nije samo u finansijskim rezultatima, ve\u0107 i u kvalitetu \u017eivota koji gradimo zajedno sa na\u0161im porodicama.<\/p>\t\t\t\t\t\t\t\t<\/div>\n\t\t\t\t<\/div>\n\t\t\t\t\t<\/div>\n\t\t<\/div>\n\t\t\t\t\t<\/div>\n\t\t<\/section>\n\t\t\t\t<section class=\"elementor-section elementor-top-section elementor-element elementor-element-fcd535e elementor-section-full_width elementor-hidden-desktop elementor-hidden-tablet elementor-section-height-default elementor-section-height-default magic-button-disabled-no\" data-id=\"fcd535e\" data-element_type=\"section\">\n\t\t\t\t\t\t<div class=\"elementor-container elementor-column-gap-default\">\n\t\t\t\t\t<div class=\"elementor-column elementor-col-100 elementor-top-column elementor-element elementor-element-aa872d8 elementor-invisible\" data-id=\"aa872d8\" data-element_type=\"column\" data-settings=\"{&quot;animation&quot;:&quot;ova-move-left&quot;,&quot;background_background&quot;:&quot;classic&quot;}\">\n\t\t\t<div class=\"elementor-widget-wrap elementor-element-populated\">\n\t\t\t\t\t<div class=\"elementor-background-overlay\"><\/div>\n\t\t\t\t\t\t<div class=\"elementor-element elementor-element-a0b0433 elementor-widget elementor-widget-podover_elementor_heading\" data-id=\"a0b0433\" data-element_type=\"widget\" data-widget_type=\"podover_elementor_heading.default\">\n\t\t\t\t<div class=\"elementor-widget-container\">\n\t\t\t\t\t\n\t\t\t<div class=\"ova-title\">\n\n\t\t\t\t\n\t\t\t\t\t\t\t\t\t\t\t\t\t\t\t\t<h2 class=\"title\">Na\u0161a Misija<\/h2>\n\t\t\t\t\t\t\t\t\t\n\t\t\t\t\n\t\t\t<\/div> \n\t\t\t\n\t\t\t\t\t\t<\/div>\n\t\t\t\t<\/div>\n\t\t\t\t<div class=\"elementor-element elementor-element-6fa49cc elementor-widget elementor-widget-text-editor\" data-id=\"6fa49cc\" data-element_type=\"widget\" data-widget_type=\"text-editor.default\">\n\t\t\t\t<div class=\"elementor-widget-container\">\n\t\t\t\t\t\t\t\t\t<p>Na\u0161a misija je da vam pru\u017eimo:<\/p><ul><li>Stru\u010dne savete o investicijama, kako bismo vam pomogli da donosite najbolje odluke za va\u0161u budu\u0107nost.<\/li><li>Obrazovne sadr\u017eaje kroz na\u0161e podkaste, koji pokrivaju teme investicija, li\u010dnog razvoja, zdravlja i porodi\u010dnih vrednosti. Ovi podkasti su tu da vas inspiri\u0161u, motivi\u0161u i pru\u017ee Vam korisne informacije.<\/li><\/ul>\t\t\t\t\t\t\t\t<\/div>\n\t\t\t\t<\/div>\n\t\t\t\t\t<\/div>\n\t\t<\/div>\n\t\t\t\t\t<\/div>\n\t\t<\/section>\n\t\t\t\t<\/div>\n\t\t","protected":false},"excerpt":{"rendered":"<p>Na\u0161 Cilj Ohrabrivanje i informisanje svakog gra\u0111anina koji \u017eeli da slobodno i kvalitetno upravlja svojim finansijama i \u017eivotom. Posve\u0107eni smo ja\u010danju porodi\u010dnih vrednosti i li\u010dnom razvoju, jer smatramo da su oni klju\u010dni za postizanje sre\u0107e i uspeha. Na\u0161a Vizija Te\u017eimo da stvorimo zajednicu koja se oslanja na me\u0111usobnu podr\u0161ku, znanje i iskustvo, gde svako mo\u017ee [&hellip;]<\/p>\n","protected":false},"author":1,"featured_media":0,"parent":0,"menu_order":0,"comment_status":"closed","ping_status":"closed","template":"","meta":{"footnotes":""},"class_list":["post-5775","page","type-page","status-publish","hentry"],"_links":{"self":[{"href":"https:\/\/asset-mng.com\/investiciono-zlato\/wp-json\/wp\/v2\/pages\/5775","targetHints":{"allow":["GET"]}}],"collection":[{"href":"https:\/\/asset-mng.com\/investiciono-zlato\/wp-json\/wp\/v2\/pages"}],"about":[{"href":"https:\/\/asset-mng.com\/investiciono-zlato\/wp-json\/wp\/v2\/types\/page"}],"author":[{"embeddable":true,"href":"https:\/\/asset-mng.com\/investiciono-zlato\/wp-json\/wp\/v2\/users\/1"}],"replies":[{"embeddable":true,"href":"https:\/\/asset-mng.com\/investiciono-zlato\/wp-json\/wp\/v2\/comments?post=5775"}],"version-history":[{"count":123,"href":"https:\/\/asset-mng.com\/investiciono-zlato\/wp-json\/wp\/v2\/pages\/5775\/revisions"}],"predecessor-version":[{"id":9091,"href":"https:\/\/asset-mng.com\/investiciono-zlato\/wp-json\/wp\/v2\/pages\/5775\/revisions\/9091"}],"wp:attachment":[{"href":"https:\/\/asset-mng.com\/investiciono-zlato\/wp-json\/wp\/v2\/media?parent=5775"}],"curies":[{"name":"wp","href":"https:\/\/api.w.org\/{rel}","templated":true}]}}