{"id":10836,"date":"2025-03-06T15:55:40","date_gmt":"2025-03-06T15:55:40","guid":{"rendered":"https:\/\/asset-mng.com\/investiciono-zlato\/?post_type=product&#038;p=10836"},"modified":"2025-08-14T09:32:07","modified_gmt":"2025-08-14T09:32:07","slug":"dukat-becki-filharmoniker-1-10-oz-311g","status":"publish","type":"product","link":"https:\/\/asset-mng.com\/investiciono-zlato\/product\/dukat-becki-filharmoniker-1-10-oz-311g\/","title":{"rendered":"Dukat Be\u010dki Filharmoniker 1\/10 Oz (3,11g)"},"content":{"rendered":"\t\t<div data-elementor-type=\"product-post\" data-elementor-id=\"10836\" class=\"elementor elementor-10836\" data-elementor-post-type=\"product\">\n\t\t\t\t<div class=\"elementor-element elementor-element-e0e5c96 e-flex e-con-boxed magic-button-disabled-no e-con e-parent\" data-id=\"e0e5c96\" data-element_type=\"container\">\n\t\t\t\t\t<div class=\"e-con-inner\">\n\t\t\t\t<div class=\"elementor-element elementor-element-d69b29f elementor-widget elementor-widget-text-editor\" data-id=\"d69b29f\" data-element_type=\"widget\" data-widget_type=\"text-editor.default\">\n\t\t\t\t<div class=\"elementor-widget-container\">\n\t\t\t\t\t\t\t\t\t<div class=\"\"><div class=\"px-md md:px-lg min-h-[var(--page-content-height)] border-borderMain\/50 ring-borderMain\/50 divide-borderMain\/50 dark:divide-borderMainDark\/50 dark:ring-borderMainDark\/50 dark:border-borderMainDark\/50 bg-transparent\"><div class=\"gap-xl max-w-threadWidth mx-auto grid-cols-12 md:grid\"><div class=\"pt-md isolate col-span-8 will-change-auto\"><div class=\"pb-32 sm:pb-36\"><div class=\"gap-y-sm flex flex-col\"><div class=\"border-borderMain\/50 ring-borderMain\/50 divide-borderMain\/50 dark:divide-borderMainDark\/50 dark:ring-borderMainDark\/50 dark:border-borderMainDark\/50 bg-transparent\"><div class=\"mb-md mt-6 first:mt-0\"><div class=\"relative default font-sans text-base text-textMain dark:text-textMainDark selection:bg-super\/50 selection:text-textMain dark:selection:bg-superDuper\/10 dark:selection:text-superDark\"><div class=\"min-w-0 break-words [word-break:break-word]\"><div id=\"markdown-content-1\" dir=\"auto\"><div class=\"relative\"><div class=\"prose text-pretty dark:prose-invert inline leading-normal break-words min-w-0 [word-break:break-word]\"><p class=\"my-0\">Zlatni dukat Be\u010dki Filharmoniker je presti\u017ena zlatna investiciona kovanica. Izra\u0111ena je od zlata visoke \u010disto\u0107e 99,99%, sa te\u017einom od 1\/10 trojske unce (3,11 grama). Na prednjoj strani nalazi se detaljan prikaz zlatnih orgulja Koncertne dvorane u Be\u010du, dok je na pole\u0111ini prikaz muzi\u010dkih instrumenata koje koristi Be\u010dki filharmonijski orkestar, kao \u0161to su harfa, fagot, be\u010dki rog, violon\u010delo i violine.<\/p><p class=\"my-0\">Ovaj dukat proizvodi rafinerija M\u00fcnze \u00d6sterreich, koja je poznata po visokom kvalitetu svojih zlatnika. Dukat \u010desto se poklanja prilikom va\u017enih \u017eivotnih doga\u0111aja, poput ven\u010danja ili kr\u0161tenja, a njegova tradicija i prepoznatljivost doprinose njegovoj popularnosti u regionu.<\/p><\/div><\/div><\/div><\/div><\/div><\/div><\/div><\/div><\/div><\/div><\/div><\/div><\/div>\t\t\t\t\t\t\t\t<\/div>\n\t\t\t\t<\/div>\n\t\t\t\t\t<\/div>\n\t\t\t\t<\/div>\n\t\t\t\t<\/div>\n\t\t","protected":false},"excerpt":{"rendered":"<p>Zlatni dukat Be\u010dki Filharmoniker je presti\u017ena zlatna investiciona kovanica. Izra\u0111ena je od zlata visoke \u010disto\u0107e 99,99%, sa te\u017einom od 1\/10 trojske unce (3,11 grama). Na prednjoj strani nalazi se detaljan prikaz zlatnih orgulja Koncertne dvorane u Be\u010du, dok je na pole\u0111ini prikaz muzi\u010dkih instrumenata koje koristi Be\u010dki filharmonijski orkestar, kao \u0161to su harfa, fagot, be\u010dki [&hellip;]<\/p>\n","protected":false},"featured_media":10787,"comment_status":"open","ping_status":"closed","template":"","meta":[],"product_brand":[],"product_cat":[70],"product_tag":[],"class_list":{"0":"post-10836","1":"product","2":"type-product","3":"status-publish","4":"has-post-thumbnail","6":"product_cat-dukati","8":"first","9":"instock","10":"shipping-taxable","11":"purchasable","12":"product-type-simple"},"_links":{"self":[{"href":"https:\/\/asset-mng.com\/investiciono-zlato\/wp-json\/wp\/v2\/product\/10836","targetHints":{"allow":["GET"]}}],"collection":[{"href":"https:\/\/asset-mng.com\/investiciono-zlato\/wp-json\/wp\/v2\/product"}],"about":[{"href":"https:\/\/asset-mng.com\/investiciono-zlato\/wp-json\/wp\/v2\/types\/product"}],"replies":[{"embeddable":true,"href":"https:\/\/asset-mng.com\/investiciono-zlato\/wp-json\/wp\/v2\/comments?post=10836"}],"version-history":[{"count":11,"href":"https:\/\/asset-mng.com\/investiciono-zlato\/wp-json\/wp\/v2\/product\/10836\/revisions"}],"predecessor-version":[{"id":11499,"href":"https:\/\/asset-mng.com\/investiciono-zlato\/wp-json\/wp\/v2\/product\/10836\/revisions\/11499"}],"wp:featuredmedia":[{"embeddable":true,"href":"https:\/\/asset-mng.com\/investiciono-zlato\/wp-json\/wp\/v2\/media\/10787"}],"wp:attachment":[{"href":"https:\/\/asset-mng.com\/investiciono-zlato\/wp-json\/wp\/v2\/media?parent=10836"}],"wp:term":[{"taxonomy":"product_brand","embeddable":true,"href":"https:\/\/asset-mng.com\/investiciono-zlato\/wp-json\/wp\/v2\/product_brand?post=10836"},{"taxonomy":"product_cat","embeddable":true,"href":"https:\/\/asset-mng.com\/investiciono-zlato\/wp-json\/wp\/v2\/product_cat?post=10836"},{"taxonomy":"product_tag","embeddable":true,"href":"https:\/\/asset-mng.com\/investiciono-zlato\/wp-json\/wp\/v2\/product_tag?post=10836"}],"curies":[{"name":"wp","href":"https:\/\/api.w.org\/{rel}","templated":true}]}}